 + 1))?
-15
1 + -25 + 0 + 161 + -146
-9
What is 5 + 6 - (1 + -6 + 1 + -4)?
19
What is 8 + -21 + (-2 - -20)?
5
Calculate 5 - ((-10 + -11 - -12) + 17).
-3
-23 - (0 - 6 - 3)
-14
-6 + 5 + (24 - 14) + (1 - -24)
34
-12 - -38 - 33 - (-19 - 0)
12
Calculate -15 + 8 + 4 + -19 + (7 - 1).
-16
Calculate -1 - 2 - (-16 - -14).
-1
Calculate -3 + -2 + 2 - (14 - (34 + -18)).
-1
What is the value of -5 + (-1 - 2) + -4?
-12
Calculate 14 + -2 + -19 + -7 + 27.
13
Calculate (5 - -1) + -6 + 13 + 55 + -31.
37
Evaluate 8 + -1 - (53 + (24 - 75)).
5
What is (-21 - -33) + (-12 - (3 + 30))?
-33
-31 + (9 - 0) + 10 - -22 - -17
27
What is -1 + 15 - (10 - 12)?
16
-1 - (-1 - 11) - (50 - (103 - 43))
21
9 + (88 - 111) + 2 + 14
2
-37 + (48 - -28) + -19
20
(193 - 185) + (-3 - (4 + 0))
1
Calculate (-13 - 0 - (316 + -325)) + 8 + 0.
4
Evaluate -9 - 3 - (7 - 3 - -5).
-21
What is -1 + 1 + (-27 - (-24 + 11) - -9)?
-5
What is the value of (9 - 12) + -22 + 15?
-10
What is the value of -12 + 2 + 2 + -6 + 3?
-11
Evaluate 3 - 1 - ((-6 - (-5 - 12)) + 4).
-13
What is (18 - 42) + -61 + 74?
-11
1 + (-1 - 8) + (-16 - -44) + -26
-6
Calculate -4 - -2 - (-230 + 256).
-28
What is the value of -10 - 24 - (-14 + 8)?
-28
What is 5 - (7 + 9 - 13)?
2
Evaluate -307 - -325 - (17 + 1).
0
4 + -5 + 3 + (-4 - 5)
-7
Evaluate -2 - (2 + 8 + -25).
13
What is 34 + 0 + (-142 - -117)?
9
What is 10 + (3 - 6 - (13 - 18))?
12
What is the value of -9 + 23 + -4 + -14?
-4
What is the value of 0 - (6 - (-2 + 2 + 2))?
-4
What is the value of (0 - (-11 + 26)) + 31?
16
What is the value of 21 + -21 + 25 - 11?
14
Calculate -17 - -18 - 6 - -25.
20
13 + -4 + (3 - 7) + 4
9
What is (2 - -35) + 1072 + -1073?
36
What is the value of -285 + 278 - ((1 - -4) + 1 + -1)?
-12
Calculate 7 + 9 + (11 - (28 + -7)).
6
-3 - (-7 - (4 - 7))
1
(-5 - -2) + -8 + 13 + -5 + -6
-9
What is the value of 34 - (-8 + 44) - 6?
-8
1 + ((-3 - -8) + -5 - (0 - 9))
10
What is -11 - -5 - (1 + 3 - 14)?
4
What is (-14 - -6) + 0 + 2 + -7?
-13
Evaluate -1 - (-3 - (-18 + 10 + 16)).
10
What is the value of -53 + 3 - (111 + -137)?
-24
-6 - (34 - 2 - (21 + -13))
-30
Evaluate 0 + -4 + (-9 - (-10 + 1)) + 6.
2
Evaluate -15 - -6 - (-1 - 2).
-6
Calculate 3 + -1 + -4 + -1 + (-2 - 0).
-5
Calculate -1 + 4 + (-1 + 21 - -13) - 6.
30
Calculate -4 - -17 - (58 - 8) - -12.
-25
What is the value of 10 - ((-35 - (2 + 4 - 15)) + -1)?
37
What is 29 + -3 + 2 + 1 + 1 + -10?
20
(-467 - -478) + -1 + -5
5
-31 + (-39 - -72) + 8 + 3
13
What is -44 - (-62 + 40) - (-18 - 0)?
-4
Calculate 3 + 15 + -10 + -7 - (8 - 1).
-6
What is 0 + (0 - 12) + (-52 - -57) - -24?
17
Calculate 291 + -288 + (-2 + 2 - -16).
19
What is the value of 26 - (1 + -1 - (-12 - (-25 + 21)))?
18
-5 - (-5 - (-1 - (-4 + -3)))
6
What is the value of -35 - (-9 - (7 + 5))?
-14
Evaluate 9 - (-8 - (2 - 17)).
2
Calculate -2 - -15 - 5 - (-7 + (-1 - -5)).
11
What is -39 + (-16 - -49) + 31?
25
What is the value of -4 + 1 + -2 - (1 - (6 - 7))?
-7
What is 42 - (78 + 8 + -27)?
-17
What is (0 - 1) + 7 - 7?
-1
Evaluate 2 + -10 - (-17 - -3).
6
What is 20 - ((-1 - -2) + 0 + 16 + -11)?
14
(365 - 376) + 12 + 1 + -2
0
Evaluate -1 + 0 + -34 - ((13 - -43) + -52).
-39
What is -4 + (-5 - -1) - (-6 + 6)?
-8
-13 - (-21 - -9 - -5) - 1
-7
Calculate 110 + (44 - 87) - 43.
24
Evaluate (9 - -3) + -15 + -5 + 6.
-2
Evaluate 0 + 9 + (4 - (4 - (-5 + 6))).
10
Calculate -9 + (5 - 2) + 2 + 11.
7
4 - ((3 - -8) + (-8 - 3) + 5)
-1
What is the value of -1 + (14 - 11) - (-18 - (2 - 7))?
15
What is the value of -3 + -23 - (22 - 64)?
16
-6 + (30 - 2 - 16) + 11
17
-10 + (15 - 7 - -1 - (8 - -1))
-10
What is the value of 14 + -5 + 4 + 1?
14
What is the value of -66 + 70 - (5 + -5 - 13)?
17
Calculate -7 + (6 + 0 - -2) + 5 + -3.
3
-1 + 47 + (0 - 20)
26
15 + 14 + 4 + -65
-32
(0 - 10 - 14) + -5
-29
3 + 6 - (8 + (-8 - 2) + 3)
8
Evaluate 2 - 0 - (60 - 96) - (5 - -5).
28
Calculate 2 + (-7 - (-1 + -13)) + 1.
10
29 + (-5 - 13) + -41
-30
What is the value of 2 - (2 + 3) - (632 - 667)?
32
24 - (-1 + 7) - 24
-6
12 - ((-15 + 25 - 2) + -18)
22
Calculate (1 - 1) + -1 + (-56 - (-76 - -31)).
-12
What is 17 - (-2 - 15 - -11 - -12)?
11
What is -10 - (14 - (1 + 12))?
-11
What is 1 - -1 - (-2 + (-4 + 23 - 9))?
-6
Calculate 1 - -1 - (-110 + 116) - -15.
11
Calculate 3 + -4 + (8 - (5 + -8 - -15)).
-5
1 + -5 - (21 - (-1 - 0))
-26
What is -86 - -73 - (-1 + 1)?
-13
What is -6 + -3 + -5 + -6 + 1?
-19
What is the value of 1 + (-9 - -5) - 0?
-3
Evaluate 2 + (8 - 1) + (14 - 9).
14
Calculate (-11 + 0 - -28) + -29.
-12
-260 + 269 - (-2 - 11)
22
Evaluate 25 + (-19 - -5) - -10.
21
Evaluate -9 + 5 + 8 - -5.
9
Calculate -13 - -22 - -4 - -3.
16
-20 + (-6 - (-22 + 3)) + -8
-15
What is 4 - (-4 + (10 - -6))?
-8
What is -46 - -32 - -46 - 12?
20
Evaluate 20 - (6 + 9 + -10).
15
Evaluate 1 - -3 - (-10 - -17 - 15).
12
What is the value of (-3 - (9 - (-3 - -8))) + -6?
-13
What is 7 + (-1 - -5 - 14)?
-3
What is -9 - ((-8 - (-13 - -11)) + (1 - -21))?
-25
What is the value of -19 + 26 + (-3 + -2 + 3 - 2)?
3
-39 + (23 - -20) - 2
2
Calculate (-1 - -2 - 4) + 18 + -2 + -6.
7
-3 - 2 - (-5 + 3 - 4 - -15)
-14
Evaluate 6 - (-4 - (-15 - -2)).
-3
-13 + 10 + 9 - -6
12
Calculate -2 + 2 - (-19 - -6 - -6).
7
Evaluate (38 - 34) + (-11 - (0 - (3 - 0))).
-4
What is -145 - -157 - (11 + -1) - (-22 - 2)?
26
Evaluate 7 - (18 + -2 + -13 + 7).
-3
What is the value of 5 + (0 - (2 - 1)) - (200 + -196)?
0
5 - (6 + (2 + -1 - (27 + -30)))
-5
What is the value of -13 - -21 - (14 + -10 + 10)?
-6
What is the value of -51 + 55 + 6 + 0?
10
Calculate -16 + 15 + -17 - -22.
4
What is the value of -9 + 8 - (-11 + 0) - 7 - 6?
-3
What is 9 + -34 + 22 + -1?
-4
Evaluate (15 - (-54 - -55)) + (0 - 12).
2
What is the value of 1 + -9 - (-3 - (27 + -7) - 9)?
24
What is the value of -17 - (1 + -43) - (8 + 0)?
17
Evaluate -4 + 8 + -14 + (5 - 1).
-6
Evaluate 2 + -11 + -17 + -2 + 25.
-3
(-46 - (13 + (-2 - 32))) + (0 - 1)
-26
What is the value of -1 + (7 - 9) + -3 + -7?
-13
What is the value of 41 - -1 - (72 + (27 - 84))?
27
Evaluate (-12 - 4) + (11 - -7).
2
What is -4 + -8 + 9 + -3?
-6
What is 55 + -51 - (-1 - 6)?
11
Calculate 7 + -1 - (-160 - -166).
0
18 + (20 - 81) - -29
-14
What is 26 + -16 - 12 - (1 + 6)?
-9
Evaluate (-6 - -8) + 10 + -4.
8
Evaluate (17 + -11 - 11) + (-1 - -8) + 3.
5
Calculate -14 - (-27 + 9 + 18 + (1 - 7)).
-8
What is the value of (-59 + 18 - (-1 - 0)) + -27 + 39?
-28
(1 - 1) + -1 - (166 - 163) - -3
-1
Evaluate 8 + -16 + 17 + -8 - 0.
1
What is the value of 1 + -7 - (-5 + 5 - (-2 + 1))?
-7
Evaluate 2 + 5 + (5 - (-6 + 6)) + -10.
2
Evaluate -8 + (27 - 8) - 1.
10
What is 2 - -6 - ((-5 - 3) + 6)?
10
-5 - (-22 - (3 + (-14 - -8) + -3))
11
Evaluate -13 + 12 + -10 + 9.
-2
Evaluate 30 - 13 - (3 + 13).
1
-16 + -12 - -6 - -20
-2
What is (-2 - 10) + 2 - (1 - (6 + -2))?
-7
What is (-21 - (-12 - -5)) + 6?
-8
What is -31 - (-7 - -29 - 52)?
-1
What is the value of -23 + (-12 - -15) + 17?
-3
What is 2 + -4 + (5 - -5 - 4 - 11)?
-7
Calculate (-564 - -580) + 0 + 0 + -5.
11
Calculate 18 + -1 - (6 + -8 + 7).
12
Evaluate 0 - 1 - -2 - 0 - (-17 - -3).
15
What is -7 + -6 + 7 + (-1 - -1) - -17?
11
What is (10 - (-1 + 1)) + 142 + -162?
-10
-38 - ((-86 - -18) + 40)
-10
(0 - 5) + (-1 - 1) + (-10 - -26)
9
What is the value of (-47 - (3 - 5)) + -1 + 13?
-33
Evaluate 1 + (-21 + 2 + 14 - (1 + -15)).
10
What is -22 + -27 + 23 + 4?
-22
Evaluate 1 - (-13 - -13 - (2 + 7)).
10
Evaluate 7 - 10 - (0 + 0).
-3
-9 + (-2 - (9 + (-1 - 5)) - -11)
-3
What is the value of 2 - 3 - (-3 - -1 - (1 + -6))?
-4
8 + 10 + -2 + (-10 - -7) - -8
21
Calculate 72 - 87 - (9 + 6).
-30
What is 3 + 23 - 9 - 6?
11
What is the value of 0 + 10 - (-7 + -13 + 2 + 26)?
2
Calculate -5 - (19 + 20 + -67).
23
Evaluate (0 - -2) + 11 + 28 + -30.
11
Evaluate 1 - -19 - (-8 + -18 + 39).
7
Evaluate 7 + -6 - (-112 - -140).
-27
What is -9 - (8 + 1 + (-6 - 6))?
-6
What is -15 + (-8 - -29 - 8) + -3?
-5
What is the value of (-5 - (-20 - -15)) + (-1 - -25) + 1?
25
What is ((0 - (-8 - 0)) + -4 - 11) + 21?
14
Evaluate -11 + (-5 - 0) - -16.
0
13 + 4 + 7 + -11 + -3
10
Evaluate 7 + 4 + -5 + -18 - -6.
-6
Evaluate -13 + 13 - (3 + 1 - (1 - -1)).
-2
What is -10 - (-20 + 0 + 32 + -26)?
4
-21 + (12 - (-7 - -2))
-4
Calculate 42 + -35 - (-2 - (-1 - 0)).
8
What is -5 + (-5 - -34 - 11)?
13
What is the value of 8 - (3 - -9) - (1 - 4 - -6)?
-7
What is (20 - (-